e 2, what is 1 - 1010111001000000?
-1010111000111111
In base 2, what is 0 - -11110000101011110?
11110000101011110
In base 6, what is 1 + 134200?
134201
In base 6, what is 1153411 - 24?
1153343
In base 3, what is -21 - -201010022?
201010001
In base 11, what is 270 + -3?
268
In base 6, what is 3 - -5051353?
5051400
In base 14, what is -19 - 213d?
-2158
In base 13, what is 6735a + -9?
67351
In base 5, what is -4 + -30311104?
-30311113
In base 14, what is 4 + 2bba9?
2bbad
In base 13, what is 17158 + -3?
17155
In base 12, what is 47458 - -1?
47459
In base 6, what is -1034345 + -5?
-1034354
In base 13, what is -1c - 108?
-127
In base 8, what is -641 + -125?
-766
In base 16, what is 61d - -6f?
68c
In base 4, what is -12331223 - -2?
-12331221
In base 3, what is 2021000021 + 12?
2021000110
In base 6, what is 33425301 + 3?
33425304
In base 3, what is -1112221010 - 0?
-1112221010
In base 2, what is -1001000000011 - 11000?
-1001000011011
In base 2, what is -10011110110110 - 11?
-10011110111001
In base 12, what is 1 + 82a4?
82a5
In base 14, what is -456 - -1a?
-43a
In base 16, what is -474fe + 3?
-474fb
In base 12, what is -46 - -1504?
147a
In base 13, what is -7441 - -3?
-743b
In base 3, what is -21012 - -2120021?
2022002
In base 8, what is 2101210 - -1?
2101211
In base 14, what is 9611c + 9?
96127
In base 12, what is 10b8 + -1a?
109a
In base 3, what is 1 - -2110112212?
2110112220
In base 5, what is 1100 - 123?
422
In base 9, what is 75372 - 2?
75370
In base 7, what is -42 - 25226?
-25301
In base 5, what is -123 + 124?
1
In base 9, what is 2 + -68?
-66
In base 6, what is 0 - 234550?
-234550
In base 16, what is b + -ed?
-e2
In base 16, what is 0 - -40da?
40da
In base 12, what is 2 + -4aa28?
-4aa26
In base 16, what is 52f7 - c5?
5232
In base 12, what is -b5941 + 3?
-b593a
In base 5, what is 234 - -14021?
14310
In base 6, what is -4 + -45323?
-45331
In base 12, what is 181 + 5394?
5555
In base 8, what is -133712 - -11?
-133701
In base 9, what is -24 - -132?
107
In base 10, what is -440 + -5034?
-5474
In base 10, what is -159893 - -5?
-159888
In base 3, what is -11 + 100021020101?
100021020020
In base 2, what is -1010100100111011101101 + -1?
-1010100100111011101110
In base 15, what is 0 + 4171?
4171
In base 3, what is -22000221100 + 2?
-22000221021
In base 5, what is -10030202 - -12?
-10030140
In base 9, what is 833 + -64?
758
In base 10, what is 3 + 34391?
34394
In base 12, what is 33 - 338?
-305
In base 9, what is -73 - 12254?
-12337
In base 15, what is 24dbc4 + 4?
24dbc8
In base 8, what is 1426616 + 6?
1426624
In base 9, what is 253024 - -13?
253037
In base 7, what is -11 + 24355?
24344
In base 8, what is -224 + -42?
-266
In base 14, what is 160 - 28?
136
In base 9, what is -4884 - -3?
-4881
In base 2, what is 1011100000 + 11?
1011100011
In base 7, what is 13162054 + 3?
13162060
In base 6, what is 13312 - -525?
14241
In base 13, what is 187 + 100?
287
In base 12, what is -1 + -10b11?
-10b12
In base 16, what is -5 + 496d?
4968
In base 11, what is -3 - 286337?
-28633a
In base 14, what is 3840 + 156?
3996
In base 3, what is 112002010102 - 11?
112002010021
In base 12, what is -102 + -110?
-212
In base 13, what is -33582 - -5?
-3357a
In base 8, what is -5463 + 1343?
-4120
In base 2, what is 100001001 + 10100011100001?
10100111101010
In base 4, what is -1021010330 + -2?
-1021010332
In base 7, what is 1233 + 3053?
4316
In base 15, what is -4ce46 - 0?
-4ce46
In base 11, what is 712 + -551?
171
In base 5, what is 2041411 + -4?
2041402
In base 7, what is -4221 - -4555?
334
In base 4, what is 1100130 + 2011?
1102201
In base 12, what is 12 + 4714?
4726
In base 12, what is 30 + 1157?
1187
In base 9, what is 5882 + -35?
5846
In base 4, what is 130301 + 1?
130302
In base 8, what is 3 + -6260?
-6255
In base 14, what is -9bb - -11?
-9aa
In base 10, what is -83737 + 5?
-83732
In base 15, what is 2 + 65408?
6540a
In base 4, what is -1 - 32303?
-32310
In base 5, what is 130443 + -11430?
114013
In base 2, what is -10110000110010 + 101?
-10110000101101
In base 12, what is 0 + -8340?
-8340
In base 14, what is 3d7dd + -1?
3d7dc
In base 15, what is -146 - -82?
-b4
In base 11, what is -1 - -7a91?
7a90
In base 2, what is -110111110111101011 + -101?
-110111110111110000
In base 7, what is 3 + 1124123?
1124126
In base 14, what is 2 - -c8b0?
c8b2
In base 14, what is -4 - -3c600?
3c5da
In base 13, what is 10 + -c55?
-c45
In base 10, what is 811917 + -2?
811915
In base 2, what is 10010001101010 + 1?
10010001101011
In base 4, what is -1223210 + -1021?
-1230231
In base 3, what is 1121220 - 1022?
1120121
In base 9, what is -5 + -12287?
-12303
In base 14, what is 379a74 - -5?
379a79
In base 13, what is -2 + 683c?
683a
In base 4, what is -10021103331 - -11?
-10021103320
In base 10, what is 3 + 8135?
8138
In base 8, what is 5740 + 152?
6112
In base 9, what is -42 - 311?
-353
In base 4, what is -231030222 + -2?
-231030230
In base 12, what is -433828 + 4?
-433824
In base 2, what is 10101101101101 - 10?
10101101101011
In base 14, what is 11a - -876?
992
In base 16, what is -1 - 37d6?
-37d7
In base 13, what is 5b48 - -83?
5bcb
In base 16, what is 326f + 2?
3271
In base 5, what is -12031340 - 121?
-12032011
In base 3, what is -200210021112 + -11?
-200210021200
In base 6, what is -52 + -21221?
-21313
In base 7, what is -315105 + 1?
-315104
In base 10, what is -13 + 23655?
23642
In base 4, what is 3033021 - -2023?
3101110
In base 16, what is 12f9 + -4c?
12ad
In base 13, what is b + -17390?
-17382
In base 9, what is -122221 + 20?
-122201
In base 4, what is 12023 - 220?
11203
In base 16, what is -3a79 - 7?
-3a80
In base 6, what is 1451432 + -3?
1451425
In base 4, what is 2103 - 311233?
-303130
In base 13, what is 1a - -128?
145
In base 5, what is 4 - 120334?
-120330
In base 5, what is -21130 - 1121?
-22301
In base 12, what is 3 + 1883?
1886
In base 15, what is 3 + -94a?
-947
In base 3, what is -11010110211 - 12?
-11010111000
In base 7, what is 1151 + -231?
620
In base 14, what is 5 - 803d5?
-803d0
In base 7, what is 5 + -1163063?
-1163055
In base 5, what is 21342412 + -10?
21342402
In base 9, what is 4 + -24307?
-24303
In base 5, what is -10203 + -1334?
-12042
In base 8, what is 107201 + 2?
107203
In base 2, what is -11011001001100111001 - 11?
-11011001001100111100
In base 2, what is 111 - -111011111110001?
111011111111000
In base 4, what is 1211003 - -12?
1211021
In base 4, what is 2 - 3021002021?
-3021002013
In base 2, what is 11 + 111111011001110011?
111111011001110110
In base 4, what is 202202 - -3220?
212022
In base 10, what is 30 + 7614?
7644
In base 7, what is -5 + -2641615?
-2641623
In base 3, what is 12000112 + 112?
12001001
In base 8, what is -1 - 16567?
-16570
In base 2, what is 100 - 1111011000101110?
-1111011000101010
In base 5, what is -14031 - -121?
-13410
In base 11, what is 72454 - 7?
72448
In base 16, what is 26b6e - -3?
26b71
In base 6, what is -1144441 + -11?
-1144452
In base 7, what is 101 - 2143?
-2042
In base 5, what is 3 + 1210223?
1210231
In base 8, what is -160 + 16373?
16213
In base 15, what is -2444 + -9a?
-24de
In base 8, what is -4 - -446067?
446063
In base 9, what is 88227 - -2?
88230
In base 11, what is -106989 - 1?
-10698a
In base 4, what is -222 - -3032?
2210
In base 12, what is 1689 + 44b?
1b18
In base 12, what is -3b2460 + 1?
-3b245b
In base 9, what is -20367 - -7?
-20360
In base 3, what is 1011201 - -22100?
1111001
In base 4, what is -11223320 + 0?
-11223320
In base 4, what is 31011 + -2100?
22311
In base 3, what is -11110 + -120202?
-202012
In base 2, what is 1 - -1010011101000?
1010011101001
In base 5, what is 144202 - -3044?
202301
In base 15, what is 4 - -58490?
58494
In base 7, what is 254216 + 0?
254216
In base 5, what is 10 + -1342323?
-1342313
In base 4, what is -11302120 - -1002?
-11301112
In base 13, what is 1a0a + 40?
1a4a
In base 15, what is -97 - 278?
-320
In base 14, what is -5144 + -4?
-5148
In base 6, what is -12143 + 1255?
-10444
In base 10, what is 300678 - -3?
300681
In base 11, what is -174738 - -4?
-174734
In base 15, what is -277 - -24?
-253
In base 7, what is 4 + 42102?
42106
In base 3, what is -201222001 - -1101?
-201220200
In base 3, what is 1022120102 + -21?
1022120011
In base 2, what is 101001111010000001 + 1?
101001111010000010
In bas